e the highest common factor of 84 and z.
28
Let k be (-3)/(-3 + (-64)/(-20)). Let i = -13 - k. Let o be i/((-124)/32 + 4). What is the greatest common factor of o and 2?
2
Let f(a) = 3*a**2 + 7*a - 8. Let w(o) = -4*o**2 - 8*o + 9. Let m(k) = -5*f(k) - 4*w(k). Let z be m(0). What is the greatest common divisor of 28 and z?
4
Suppose 3 = -4*u - s, -u + 6 = -3*u - 2*s. Suppose -2*z + 92 = -n - u*n, z - 2*n = 49. Let q be (0 + 6)/(1/3). What is the greatest common divisor of z and q?
9
Let j = 334 - 320. Calculate the highest common divisor of 126 and j.
14
Let r = 218 + -214. Suppose 4*l + p + 6 = 24, 2*l - 5*p + 2 = 0. Calculate the greatest common divisor of l and r.
4
Let a(c) = c**2 + 8*c - 11. Let w(f) = -f**2 - f + 45. Let p be w(-7). Let r be a(p). Let s = 45 - 12. What is the highest common divisor of r and s?
11
Let a be (-23)/((-2737)/20454) - (-2)/17. Calculate the greatest common divisor of 301 and a.
43
Suppose -24*f - 273 = -513. Suppose -6*t - 24 = -a - 3*t, -3*t + 36 = a. Calculate the greatest common factor of a and f.
10
Suppose -37*h + 4628 + 2957 = 0. Calculate the greatest common divisor of 41 and h.
41
Let z be 8/(-36) - (-1883)/9. Calculate the greatest common factor of 266 and z.
19
Let a = 41 + -38. Suppose 2*p + a*w = 14, 0*w = 2*p - 5*w + 18. Let f = 8 + -5. Calculate the greatest common divisor of f and p.
1
Let r(n) be the first derivative of 4*n**3/3 - n**2 - 3*n + 4. Let o be r(3). Let a be 0 - (1 + -2 + -2). What is the greatest common factor of o and a?
3
Let x(t) = 61*t + 89. Let o be x(7). What is the greatest common divisor of 12 and o?
12
Suppose -m + 5*m - 70 = -3*c, -4*m + 3*c = -58. What is the greatest common factor of 12 and m?
4
Suppose 2*q = 4*t + 10, t - 29 = -4*q - 9. Suppose 3*l = 2*k + 19, -q*l + 2*k + 6 = -31. Let c = 257 + -158. What is the greatest common divisor of l and c?
9
Suppose 0 = 2*o - 7*o + 5*b + 10800, o - 2166 = -2*b. What is the highest common divisor of o and 94?
94
Suppose 10 = 2*t - 6. Let i be (-10 + t)/((-2)/8). Calculate the greatest common divisor of 1 and i.
1
Let g = 983 - 471. Calculate the highest common divisor of 16 and g.
16
Let s be (12/7)/((-12)/(-42)). Calculate the highest common factor of 6 and s.
6
Suppose 0 = -5*j + 3*o + 2659, -15*o + 2117 = 4*j - 14*o. What is the highest common divisor of j and 318?
106
Suppose 0 = -5*a - 3*w + 491, 4*a = -8*w + 13*w + 415. Calculate the greatest common factor of a and 80.
20
Let x(o) = -6*o + 22. Let u(t) = t - 1. Let s(v) = 5*u(v) + x(v). Let n be s(-16). What is the highest common factor of n and 297?
33
Suppose -4*f = -5*f + 220. Suppose 0 = -6*b + 7*b - 4. Suppose b*l = -0*l + f. What is the greatest common factor of 22 and l?
11
Let w(g) = 5*g - 10. Suppose 31 = -2*a + 3. Let m = a + 18. Let p be w(m). Calculate the greatest common factor of 70 and p.
10
Let z = -236 - -117. Let x = z + 197. Let s = 1 + 25. What is the highest common divisor of s and x?
26
Let f(s) = s**3 + 10*s**2 + 2*s - 8. Let j be f(-4). Calculate the greatest common divisor of 64 and j.
16
Let o(f) = 5*f + 7. Let x(a) = -7*a - 14 - 9*a + 5*a. Let k(m) = 13*o(m) + 6*x(m). Let v be k(-6). What is the greatest common factor of v and 13?
13
Suppose -3*r + 1 = -11. Let d be 195 - (1 + (-16)/r). What is the greatest common divisor of 22 and d?
22
Let g be 12 + 14*16/28. What is the greatest common divisor of g and 40?
20
Let q be (132/(-165))/((-2)/170). Calculate the greatest common divisor of q and 374.
34
Let c(o) = o**3 - 5*o**2 - 12*o + 15. Let y be c(7). Suppose 31*v = y*v + 58. Calculate the greatest common factor of 319 and v.
29
Suppose 2*i = 3*i - 250. What is the highest common divisor of i and 400?
50
Suppose -20 = 4*w - 8*w. Suppose -w*p = -159 - 556. What is the greatest common divisor of p and 13?
13
Suppose 0*v = 5*v - 10. Let s(o) = -8 + 8*o**2 + 13*o**2 - 20*o**v + 8*o. Let y be s(-9). Calculate the highest common factor of y and 1.
1
Let n = -1049 + 1061. What is the greatest common factor of 12 and n?
12
Let p be ((-39)/(-2))/(132/880). What is the greatest common factor of p and 104?
26
Let t be 7 - 6 - (-42)/6. Calculate the highest common factor of 18 and t.
2
Suppose -28 - 4 = 2*b. Let j(i) = -i**3 - 16*i**2 + i + 38. Let d be j(b). Calculate the greatest common divisor of 33 and d.
11
Let m be (-3 + 4)/(-1) + 1304/8. What is the highest common divisor of 30 and m?
6
Suppose 5*b = -547 - 618. Let r = b - -376. What is the highest common factor of r and 13?
13
Let b = -26 - 26. Let c be (b/(-6))/((-1)/(-3)). Let d be (c/8)/((-1)/(-4)). What is the greatest common factor of 117 and d?
13
Suppose -5*u = g - 38, 2*u - 3*g = 2*g + 26. Let h = -7 - -10. Let t = 43 - h. Calculate the greatest common factor of u and t.
8
Let r = -875 + 1235. Calculate the greatest common factor of 99 and r.
9
Suppose -6 = -4*x + 6. Suppose 0 = a + x*a - 4. Let p be (-20)/(-4)*(-18)/(-10). What is the highest common divisor of a and p?
1
Let c be 62/(-2)*(4 - 5). Let i = -218 + 435. What is the highest common divisor of i and c?
31
Suppose h = -0*h. Suppose s + h = -2. Let v be (s/(-4))/((-1)/(-4)). Calculate the greatest common factor of v and 14.
2
Let f = 7 + -4. Suppose f*d = 5*d - 14. Suppose -7 - d = -2*g. Calculate the highest common divisor of 1 and g.
1
Suppose 0 = -22*t + 899 - 261. Calculate the highest common divisor of t and 232.
29
Suppose 5*j + 3*h - 4 = 0, -3*j + 5*j + 3*h = -2. Suppose j*u - 783 = -7*u. Calculate the highest common factor of u and 29.
29
Let u(t) = -3*t + 10. Let d be 20*1/(20/(-8)). Let c be u(d). What is the greatest common factor of c and 170?
34
Suppose 4*k - 40 + 0 = 0. Let c(y) = 4*y**3 - 2*y**2 + 1. Let s be (-4)/3*(-15)/10. Let n be c(s). What is the highest common divisor of n and k?
5
Suppose -6 + 0 = 2*z, 3*j = 3*z + 123. Calculate the highest common factor of 95 and j.
19
Suppose -53*b = -56*b + 6. Suppose 3*m - 128 = b*r, 7*r - 2*r = m - 47. What is the highest common divisor of m and 42?
42
Suppose 36 = -5*b + 11*b. Let v = b + 0. Let x(u) = 6*u. Let g be x(3). What is the highest common factor of g and v?
6
Suppose 44*t - 108 = 42*t. What is the highest common factor of t and 189?
27
Let k(f) = 0*f + 6*f + 9 - f + 2*f**2. Suppose -33*b - 137 - 160 = 0. Let m be k(b). What is the highest common divisor of 14 and m?
14
Let j = -7 + 131. Let k = j + -90. Suppose 4*o + 183 - 523 = 0. Calculate the highest common divisor of k and o.
17
Let f(g) = g**2 + 12*g - 23. Let q be f(-14). Let s = q - 5. Suppose s*y - 9 = -y. Calculate the greatest common factor of 1 and y.
1
Suppose 0 = k - 2*k + 13. Suppose 4*g - 57 = -k. Calculate the greatest common divisor of g and 121.
11
Let w = 13 - 13. Suppose 3*s + s + 100 = w. Let m be 0 + 2/((-10)/s). What is the highest common divisor of m and 35?
5
Suppose -5*y = 5, 0*w - 4*w + 428 = 4*y. Let x = -73 + w. Calculate the highest common factor of 14 and x.
7
Let s(n) = n**2 + 3*n - 14. Let k be s(-6). Let c be 4/(-6)*36/(-2). Let a be (-24)/(1/((-8)/c)). What is the highest common factor of a and k?
4
Suppose 31 = 5*o + 26. Let x = -18 + 29. Suppose -7*w = -x*w + 44. What is the greatest common divisor of o and w?
1
Let w = 8 - 6. Suppose -32 + w = -5*y. Let p be y*(-4)/8 - -4. What is the greatest common divisor of p and 2?
1
Let l(b) = 13*b**2 + 4*b + 11. Let f be l(-2). Suppose 0 = x - s - 2*s + 4, 0 = 3*x + 3*s - 24. What is the greatest common divisor of f and x?
5
Let i be (140/25)/((-2)/(-100)). Calculate the greatest common factor of i and 35.
35
Suppose -262 = -45*v + 278. What is the highest common divisor of v and 540?
12
Let x = -528 + 751. Let l = -211 + x. Let b = 11 + -7. What is the highest common divisor of l and b?
4
Let t(z) = 111*z**2 - 2*z - 3. Let g be t(-1). What is the greatest common factor of g and 44?
22
Let y be 7 - 6/(36/(-1146)). Calculate the greatest common divisor of y and 66.
66
Suppose 5*m + 6*l = 3*l + 2474, l - 1982 = -4*m. Calculate the highest common factor of m and 62.
62
Let l(t) = 2*t**3 - 3*t**2 - 25*t + 105. Let i be l(4). What is the greatest common factor of i and 187?
17
Suppose 3*q - 11 = 4*o - 42, -2*q - 6 = o. Suppose 0 = -2*i + 3*u + 125, -o*i = -u - 3*u - 240. What is the highest common factor of i and 11?
11
Let q be -2 +